{"id":68,"date":"2021-05-04T15:08:10","date_gmt":"2021-05-04T15:08:10","guid":{"rendered":"https:\/\/www.donaudental.de\/?page_id=68"},"modified":"2021-05-10T09:22:02","modified_gmt":"2021-05-10T09:22:02","slug":"implantate","status":"publish","type":"page","link":"https:\/\/www.donaudental.de\/index.php\/implantate\/","title":{"rendered":"Implantate"},"content":{"rendered":"<div id=\"c28\" class=\"csc-frame csc-frame-rulerAfter\">\n<h1>Implantate<\/h1>\n<\/div>\n<div id=\"c27\" class=\"csc-default\">\n<div class=\"csc-textpic csc-textpic-intext-left-nowrap\">\n<div class=\"csc-textpic-imagewrap\">\n<div class=\"csc-textpic-imagerow csc-textpic-imagerow-last\"><\/div>\n<\/div>\n<div>\n<div class=\"csc-textpic-text\">\n<p class=\"bodytext\">Der heutige Stand der Implantologie l\u00e4\u00dft bei sorgf\u00e4ltiger Herstellung kein Unterschied mehr zwischen einem implantatgetragenen Zahnersatz und einem nat\u00fcrlichen Zahn erkennen.<\/p>\n<p>Es gibt eine gro\u00dfe Vielfalt an erprobten und bew\u00e4hrten Implantatsystemen. Wir sind in der Lage, auf jedem System einen Zahnersatz zu fertigen. (Frialit II, IMZ, Bonefit, Branemark, Semados, ITI, Camlog, Oraltronics, Bicon etc.)<\/p>\n<p>Bei Problemen mit ungen\u00fcgend haltenden Vollprothesen oder zur Vermeidung von einer \u00dcberkronung gesunder Z\u00e4hne zum Verschlu\u00df einer Zahnl\u00fccke bietet implantatgetragener Zahnersatz heute optimale Ergebnisse.<\/p>\n<\/div>\n<\/div>\n<\/div>\n<\/div>\n\n\t\t<style type=\"text\/css\">\n\t\t\t#gallery-1 {\n\t\t\t\tmargin: auto;\n\t\t\t}\n\t\t\t#gallery-1 .gallery-item {\n\t\t\t\tfloat: left;\n\t\t\t\tmargin-top: 10px;\n\t\t\t\ttext-align: center;\n\t\t\t\twidth: 33%;\n\t\t\t}\n\t\t\t#gallery-1 img {\n\t\t\t\tborder: 2px solid #cfcfcf;\n\t\t\t}\n\t\t\t#gallery-1 .gallery-caption {\n\t\t\t\tmargin-left: 0;\n\t\t\t}\n\t\t\t\/* see gallery_shortcode() in wp-includes\/media.php *\/\n\t\t<\/style>\n\t\t<div id='gallery-1' class='gallery galleryid-68 gallery-columns-3 gallery-size-thumbnail'><dl class='gallery-item'>\n\t\t\t<dt class='gallery-icon landscape'>\n\t\t\t\t<img loading=\"lazy\" decoding=\"async\" width=\"150\" height=\"150\" src=\"https:\/\/www.donaudental.de\/wp-content\/uploads\/2021\/05\/implantat1gr-150x150.jpg\" class=\"attachment-thumbnail size-thumbnail\" alt=\"\" srcset=\"https:\/\/www.donaudental.de\/wp-content\/uploads\/2021\/05\/implantat1gr-150x150.jpg 150w, https:\/\/www.donaudental.de\/wp-content\/uploads\/2021\/05\/implantat1gr-100x100.jpg 100w\" sizes=\"auto, (max-width: 150px) 100vw, 150px\" \/>\n\t\t\t<\/dt><\/dl><dl class='gallery-item'>\n\t\t\t<dt class='gallery-icon landscape'>\n\t\t\t\t<img loading=\"lazy\" decoding=\"async\" width=\"150\" height=\"150\" src=\"https:\/\/www.donaudental.de\/wp-content\/uploads\/2021\/05\/implantat2gr-150x150.jpg\" class=\"attachment-thumbnail size-thumbnail\" alt=\"\" srcset=\"https:\/\/www.donaudental.de\/wp-content\/uploads\/2021\/05\/implantat2gr-150x150.jpg 150w, https:\/\/www.donaudental.de\/wp-content\/uploads\/2021\/05\/implantat2gr-100x100.jpg 100w\" sizes=\"auto, (max-width: 150px) 100vw, 150px\" \/>\n\t\t\t<\/dt><\/dl><dl class='gallery-item'>\n\t\t\t<dt class='gallery-icon landscape'>\n\t\t\t\t<img loading=\"lazy\" decoding=\"async\" width=\"150\" height=\"150\" src=\"https:\/\/www.donaudental.de\/wp-content\/uploads\/2021\/05\/krone1gr-150x150.jpg\" class=\"attachment-thumbnail size-thumbnail\" alt=\"\" srcset=\"https:\/\/www.donaudental.de\/wp-content\/uploads\/2021\/05\/krone1gr-150x150.jpg 150w, https:\/\/www.donaudental.de\/wp-content\/uploads\/2021\/05\/krone1gr-100x100.jpg 100w\" sizes=\"auto, (max-width: 150px) 100vw, 150px\" \/>\n\t\t\t<\/dt><\/dl><br style=\"clear: both\" \/>\n\t\t<\/div>\n\n","protected":false},"excerpt":{"rendered":"<p>Implantate Der heutige Stand der Implantologie l\u00e4\u00dft bei sorgf\u00e4ltiger Herstellung kein Unterschied mehr zwischen einem implantatgetragenen Zahnersatz und einem nat\u00fcrlichen Zahn erkennen. Es gibt eine gro\u00dfe Vielfalt an erprobten und bew\u00e4hrten Implantatsystemen. Wir sind in der Lage, auf jedem System einen Zahnersatz zu fertigen. (Frialit II, IMZ, Bonefit, Branemark, Semados, ITI, Camlog, Oraltronics, Bicon etc.) &hellip; <\/p>\n<p class=\"link-more\"><a href=\"https:\/\/www.donaudental.de\/index.php\/implantate\/\" class=\"more-link\">Continue reading<span class=\"screen-reader-text\"> &#8222;Implantate&#8220;<\/span><\/a><\/p>\n","protected":false},"author":1,"featured_media":0,"parent":0,"menu_order":0,"comment_status":"closed","ping_status":"closed","template":"","meta":{"footnotes":""},"class_list":["post-68","page","type-page","status-publish","hentry"],"_links":{"self":[{"href":"https:\/\/www.donaudental.de\/index.php\/wp-json\/wp\/v2\/pages\/68","targetHints":{"allow":["GET"]}}],"collection":[{"href":"https:\/\/www.donaudental.de\/index.php\/wp-json\/wp\/v2\/pages"}],"about":[{"href":"https:\/\/www.donaudental.de\/index.php\/wp-json\/wp\/v2\/types\/page"}],"author":[{"embeddable":true,"href":"https:\/\/www.donaudental.de\/index.php\/wp-json\/wp\/v2\/users\/1"}],"replies":[{"embeddable":true,"href":"https:\/\/www.donaudental.de\/index.php\/wp-json\/wp\/v2\/comments?post=68"}],"version-history":[{"count":3,"href":"https:\/\/www.donaudental.de\/index.php\/wp-json\/wp\/v2\/pages\/68\/revisions"}],"predecessor-version":[{"id":243,"href":"https:\/\/www.donaudental.de\/index.php\/wp-json\/wp\/v2\/pages\/68\/revisions\/243"}],"wp:attachment":[{"href":"https:\/\/www.donaudental.de\/index.php\/wp-json\/wp\/v2\/media?parent=68"}],"curies":[{"name":"wp","href":"https:\/\/api.w.org\/{rel}","templated":true}]}}