{"id":56,"date":"2021-05-04T15:02:39","date_gmt":"2021-05-04T15:02:39","guid":{"rendered":"https:\/\/www.donaudental.de\/?page_id=56"},"modified":"2021-05-10T11:27:16","modified_gmt":"2021-05-10T11:27:16","slug":"kunststoffe","status":"publish","type":"page","link":"https:\/\/www.donaudental.de\/index.php\/kunststoffe\/","title":{"rendered":"Kunststoffe"},"content":{"rendered":"<p><strong>Prothesenkunststoffe<\/strong><\/p>\n<p>Stetige Weiterentwicklung auf dem Gebiet der Prothetik f\u00fchrt uns immer wieder zu Innovationen. Moderne Herstellungsverfahren, hochwertige Rohstoffe und jahrzehntelange Erfahrung machen uns zu einem renommierten Hersteller auf dem Gebiet der Prothesenwerkstoffe.<br \/>\nAlle Prothesenwerkstoffe von Heraeus Kulzer sind von unabh\u00e4ngiger Stelle auf ihre Biokompatibilit\u00e4t gepr\u00fcft und zertifiziert. Sie \u00fcberbieten alle erforderlichen Normen und unterliegen st\u00e4ndigen Qualit\u00e4tskontrollen. Die Vielfalt der Farben und Materialien mit entsprechenden Zubeh\u00f6rkomponenten machen es Ihnen einfach, die auf Ihre W\u00fcnsche abgestimmte L\u00f6sung zu finden.<br \/>\nSchauen Sie es sich an!<\/p>\n\n\t\t<style type=\"text\/css\">\n\t\t\t#gallery-1 {\n\t\t\t\tmargin: auto;\n\t\t\t}\n\t\t\t#gallery-1 .gallery-item {\n\t\t\t\tfloat: left;\n\t\t\t\tmargin-top: 10px;\n\t\t\t\ttext-align: center;\n\t\t\t\twidth: 33%;\n\t\t\t}\n\t\t\t#gallery-1 img {\n\t\t\t\tborder: 2px solid #cfcfcf;\n\t\t\t}\n\t\t\t#gallery-1 .gallery-caption {\n\t\t\t\tmargin-left: 0;\n\t\t\t}\n\t\t\t\/* see gallery_shortcode() in wp-includes\/media.php *\/\n\t\t<\/style>\n\t\t<div id='gallery-1' class='gallery galleryid-56 gallery-columns-3 gallery-size-thumbnail'><dl class='gallery-item'>\n\t\t\t<dt class='gallery-icon landscape'>\n\t\t\t\t<img loading=\"lazy\" decoding=\"async\" width=\"150\" height=\"150\" src=\"https:\/\/www.donaudental.de\/wp-content\/uploads\/2021\/05\/schiene2gr-150x150.jpg\" class=\"attachment-thumbnail size-thumbnail\" alt=\"\" srcset=\"https:\/\/www.donaudental.de\/wp-content\/uploads\/2021\/05\/schiene2gr-150x150.jpg 150w, https:\/\/www.donaudental.de\/wp-content\/uploads\/2021\/05\/schiene2gr-100x100.jpg 100w\" sizes=\"auto, (max-width: 150px) 100vw, 150px\" \/>\n\t\t\t<\/dt><\/dl><dl class='gallery-item'>\n\t\t\t<dt class='gallery-icon portrait'>\n\t\t\t\t<img loading=\"lazy\" decoding=\"async\" width=\"100\" height=\"149\" src=\"https:\/\/www.donaudental.de\/wp-content\/uploads\/2021\/05\/bruecke-vmk.gif\" class=\"attachment-thumbnail size-thumbnail\" alt=\"\" \/>\n\t\t\t<\/dt><\/dl><dl class='gallery-item'>\n\t\t\t<dt class='gallery-icon landscape'>\n\t\t\t\t<img loading=\"lazy\" decoding=\"async\" width=\"96\" height=\"87\" src=\"https:\/\/www.donaudental.de\/wp-content\/uploads\/2021\/05\/totale.gif\" class=\"attachment-thumbnail size-thumbnail\" alt=\"\" \/>\n\t\t\t<\/dt><\/dl><br style=\"clear: both\" \/>\n\t\t<\/div>\n\n","protected":false},"excerpt":{"rendered":"<p>Prothesenkunststoffe Stetige Weiterentwicklung auf dem Gebiet der Prothetik f\u00fchrt uns immer wieder zu Innovationen. Moderne Herstellungsverfahren, hochwertige Rohstoffe und jahrzehntelange Erfahrung machen uns zu einem renommierten Hersteller auf dem Gebiet der Prothesenwerkstoffe. Alle Prothesenwerkstoffe von Heraeus Kulzer sind von unabh\u00e4ngiger Stelle auf ihre Biokompatibilit\u00e4t gepr\u00fcft und zertifiziert. Sie \u00fcberbieten alle erforderlichen Normen und unterliegen st\u00e4ndigen &hellip; <\/p>\n<p class=\"link-more\"><a href=\"https:\/\/www.donaudental.de\/index.php\/kunststoffe\/\" class=\"more-link\">Continue reading<span class=\"screen-reader-text\"> &#8222;Kunststoffe&#8220;<\/span><\/a><\/p>\n","protected":false},"author":1,"featured_media":0,"parent":0,"menu_order":0,"comment_status":"closed","ping_status":"closed","template":"","meta":{"footnotes":""},"class_list":["post-56","page","type-page","status-publish","hentry"],"_links":{"self":[{"href":"https:\/\/www.donaudental.de\/index.php\/wp-json\/wp\/v2\/pages\/56","targetHints":{"allow":["GET"]}}],"collection":[{"href":"https:\/\/www.donaudental.de\/index.php\/wp-json\/wp\/v2\/pages"}],"about":[{"href":"https:\/\/www.donaudental.de\/index.php\/wp-json\/wp\/v2\/types\/page"}],"author":[{"embeddable":true,"href":"https:\/\/www.donaudental.de\/index.php\/wp-json\/wp\/v2\/users\/1"}],"replies":[{"embeddable":true,"href":"https:\/\/www.donaudental.de\/index.php\/wp-json\/wp\/v2\/comments?post=56"}],"version-history":[{"count":2,"href":"https:\/\/www.donaudental.de\/index.php\/wp-json\/wp\/v2\/pages\/56\/revisions"}],"predecessor-version":[{"id":248,"href":"https:\/\/www.donaudental.de\/index.php\/wp-json\/wp\/v2\/pages\/56\/revisions\/248"}],"wp:attachment":[{"href":"https:\/\/www.donaudental.de\/index.php\/wp-json\/wp\/v2\/media?parent=56"}],"curies":[{"name":"wp","href":"https:\/\/api.w.org\/{rel}","templated":true}]}}